s of p(u)?
3, 11, 19
Suppose -y = 5*s - 4, -2*s + 16 = 4*y + s. Suppose 7 = y*x - 1. Suppose 0 = x*w + 128 - 394. What are the prime factors of w?
7, 19
Let u = -60 + 87. Let s be -2 - -1 - (-46)/23. List the prime factors of 2*s*(u - -2).
2, 29
Let q = -22937 + 54144. What are the prime factors of q?
11, 2837
Let p(n) = n**3 + 2*n**2 + 14*n + 31. Let z be p(-2). What are the prime factors of z/10*4274 - 2/10?
2, 641
Suppose -2*s - 348 = -5*x, -x + 56 = -3*s + 6*s. Suppose m - 7 - 27 = 3*t, 4*m = -5*t - x. What are the prime factors of (t/8)/(2 + 452/(-224))?
2, 3, 7
Let l(f) = 86*f**2. Let q be l(1). Let w = -89 + q. Let b(o) = -10*o**3 - 2*o**2 - 4*o - 16. What are the prime factors of b(w)?
2, 31
Let g(c) = c - 1. Let y be g(-7). Let n(f) = 4*f**2 + f - 46. List the prime factors of n(y).
2, 101
What are the prime factors of (1/1)/((-398)/(-31164594))?
3, 43, 607
Let n = 3107 - -3153. What are the prime factors of n?
2, 5, 313
Let v(g) = 10*g - 55. Let l be v(6). Let q(n) = 74*n + 18. Let i be q(l). Suppose -22*s = -26*s + i. List the prime factors of s.
97
Let x = -102 - -109. What are the prime factors of x/1 + (-3280)/(-4)?
827
Let o(y) = 394*y + 1332. List the prime factors of o(21).
2, 3, 1601
Suppose 0 = -5*w + 3 + 7. Suppose w*b + 2*b = 192. Suppose -2*v = 4*y - b, -y = -4*v - 6*y + 96. List the prime factors of v.
2, 3
Let p = -1978 - -2942. Let f = -639 + p. List the prime factors of f.
5, 13
Suppose 477*u + 48404 = 504*u - 862144. List the prime factors of u.
2, 8431
Suppose -2*j + 4 = 5*a, -17*a + 9 = j - 18*a. What are the prime factors of (6629/49 + -1)*j?
2, 5, 47
List the prime factors of 652618/14 + (429/(-77))/(-13).
2, 5827
Let n(d) = 2*d**3 + 24*d**2 - 67*d - 77. What are the prime factors of n(12)?
37, 163
Let k be (2 - 1 - 0)/((-4)/(-8144)). Suppose -5*g + 4*w = 2542, g - 4*w = -3*g - k. List the prime factors of (-4)/(-10) + 6/((-60)/g).
3, 17
Suppose -2*h - 5 = -2*x - 3, 15 = 3*x. Suppose 3*a + 556 = h*a + 5*o, 0 = o + 3. List the prime factors of a.
571
Suppose -28*i + 46423 = -4*i - 64145. What are the prime factors of i?
17, 271
Let v = 14429 + -7857. What are the prime factors of v?
2, 31, 53
Let d = -821 - -829. Suppose -4*z - 141 = 7*p - d*p, 4*p + z - 530 = 0. List the prime factors of p.
7, 19
Let g(c) = -17*c**2 - 8*c - 73. Let n(a) = 37*a**2 + 15*a + 146. Let s(z) = 13*g(z) + 6*n(z). What are the prime factors of s(-14)?
11, 29
Suppose -229282 - 684495 = -55*o + 262563. List the prime factors of o.
2, 5347
Let z(d) = -9*d - 35*d**2 + 64*d**2 + 5 - 30*d**2. Let i be z(-9). Suppose -3*b = i - 17. What are the prime factors of b?
2
Let s(b) be the third derivative of b**4/24 + 5*b**3/2 + b**2. Let h be s(-10). Suppose h*p = -5 + 435. List the prime factors of p.
2, 43
Let z be (-2)/(-6) - 2/6. Let b(o) = 11*o**2 - 4*o - 2. Let w be b(1). Suppose -v + 4*u + 0*u + 94 = z, 4*v - w*u = 431. List the prime factors of v.
2, 3, 19
Let k = -3110 + 4559. List the prime factors of k.
3, 7, 23
Suppose 3*b - 63 + 33 = 0. Let m be 26584/(-20) - 8/b. What are the prime factors of m/(-21) - 6/(-9)?
2
List the prime factors of (717 - 3)*(-58 + 82).
2, 3, 7, 17
Let u(l) = 96*l - 8. Let g be u(2). List the prime factors of (g/(-16) + 10)*(-220)/6.
5, 11
Suppose -14 = -g - 3*x, 0*x = -3*g + 2*x + 20. Let y(w) = w**3 + 4*w**2 - 47*w - 2. List the prime factors of y(g).
2, 3, 5, 13
Let s(c) be the first derivative of -15/2*c**2 - c + 4/3*c**3 - 14. What are the prime factors of s(7)?
2, 3, 5
Let j = 506 - -388. Let b = 1854 - j. What are the prime factors of b?
2, 3, 5
Let n(s) = 14 - 2*s**2 + 3 - 2 + 3*s + s**3 + 10*s**2. Let i be n(-8). Let y(q) = -q**3 - 9*q**2 - 5*q - 4. List the prime factors of y(i).
41
Let o = 2539 + -6079. Let p be (-1)/((-1192)/o - 3/9). Let g = -155 - p. What are the prime factors of g?
2, 5, 7
Suppose -5*s - 9*i + 7*i + 200 = 0, -i - 80 = -2*s. List the prime factors of -2 - ((-17770)/s + (-1)/(-4)).
2, 13, 17
Let l(g) = -85*g + 26. Let c be l(5). Let j = 140 - c. What are the prime factors of j?
7, 11
Let f(a) = 456*a - 953. List the prime factors of f(15).
7, 29
Let a be (-44)/(-11)*10*(-6)/16. Let c(q) = -q**2 - 15*q + 4. Let b be c(a). Suppose 3*m = -m - b*p + 208, -3*m = -5*p - 180. What are the prime factors of m?
5, 11
Suppose -72*l - 39*l - 2112506 = -133*l. What are the prime factors of l?
131, 733
Let i(t) = -3*t + 3. Let w = -33 + 26. Let v be i(w). Suppose -5*o = 3*s - 86, -s - 7*o + v = -3*o. List the prime factors of s.
2
Let k(u) = 10 - 4*u + u**3 - 3 - 2 - 2*u**2 + 3*u**2. List the prime factors of k(3).
29
Let m(b) = 2941*b**2 - 38*b + 2. List the prime factors of m(2).
2, 5, 7, 167
List the prime factors of 10/(-30)*-36 - -1543.
5, 311
Suppose -506 = -4*i - 70. Let y = 241 - i. What are the prime factors of y?
2, 3, 11
Let z(g) = 15*g**2 - 2*g + 3. Suppose 5 = -4*t - 3*s + 16, -9 = 3*s. List the prime factors of z(t).
2, 23
Suppose 0 = 2*z + z - 2*x + 2, -z = 3*x - 14. Suppose -z - 2 = 4*t. List the prime factors of -1 + (t - -4) + 104.
2, 53
Let o(x) = -x**3 + 7*x + 20. Let g be o(-5). Suppose 35*y - g = 30*y. What are the prime factors of y?
2, 11
Let g = 174 - 41. Suppose 3*u - g = -x + 82, -4*x + 860 = 4*u. What are the prime factors of x?
5, 43
Suppose -m = -3, -21*m - 151980 = -4*u - 17*m. List the prime factors of u.
2, 3, 2111
Let k(b) = -8*b**3 - 3*b**2 + 3*b + 6. Let u be k(-3). Let f = u - 31. Suppose -3*q - 5*x + 49 + 72 = 0, x = 5*q - f. What are the prime factors of q?
2
Let n be (0 - -4420) + -7 + 3 + -5. Suppose 6*g = -1015 + n. What are the prime factors of g?
2, 283
Suppose -15*z - 1456 = 11*z. List the prime factors of ((-602)/z)/(3 - (-1030)/(-344)).
43
Suppose -5 = 5*q - 10*q. Let w be ((-3)/(-5) + 0)/(q/5). Let p(f) = 12*f - 6. What are the prime factors of p(w)?
2, 3, 5
Suppose -113 - 671 = -4*f. Suppose 20*i - f = 18*i. Suppose 5*g = i + 112. List the prime factors of g.
2, 3, 7
Let r(x) = -239 + x**2 + x**2 + 184 - x. List the prime factors of r(11).
2, 11
Let h be 4 - 2*(-306)/12. Suppose -h*v + 321 = -52*v. What are the prime factors of v?
107
What are the prime factors of 1049688/306 + 48/(-136)?
2, 5, 7
Let h(o) = 41*o**3 - 15*o**2 - 28*o - 57. Let v(k) = 28*k**3 - 10*k**2 - 19*k - 39. Let x(l) = 5*h(l) - 7*v(l). List the prime factors of x(5).
953
Suppose -5*v + 300 = -120. Suppose -v = -3*z + 24. Suppose -n + 8 = -z. What are the prime factors of n?
2, 11
Let l = 2674 + -833. Let s = l + -1067. List the prime factors of s.
2, 3, 43
Suppose c - 3*u - 2*u = -56, -3*u - 201 = 4*c. Let z = c - -159. Let j = z - 77. What are the prime factors of j?
31
Let c = 643 - -1581. Suppose 3*d - 7*d - 3*o = -c, o + 1102 = 2*d. What are the prime factors of d?
7, 79
Suppose 0 = 4*b, 1967 + 358 = -5*a - 5*b. Let z = 848 + a. What are the prime factors of z?
383
Suppose 12820 = 584*x - 574*x. Let f = 2938 - x. List the prime factors of f.
2, 3, 23
Let j = 613 + -1938. Let s = j + 2228. List the prime factors of s.
3, 7, 43
Let q(i) be the second derivative of -i**4/12 - 7*i**3/6 + 19*i**2/2 + 23*i. Let o be q(-9). List the prime factors of ((-221)/(-6))/o + 6/36.
37
Suppose 0 = -166*d + 868362 + 624144. What are the prime factors of d?
3, 37
Suppose n + v = -4*n + 213, 3*n - 4*v = 137. Let b = -89 - -113. Let o = n - b. List the prime factors of o.
19
Let u(s) = -s**3 + 8*s**2 - 5*s - 24. Let l be u(12). Let i = -162 - l. List the prime factors of i.
2, 3, 83
Let f(v) = v**3 + 7*v**2 - 9*v - 1. Let s be f(-8). Suppose -s = -3*j - 16. List the prime factors of (1/j)/((-1)/213).
71
Let f(a) = -4*a**3 - 25*a**2 + 47*a + 61. Let w(y) = 5*y**3 + 25*y**2 - 46*y - 61. Let c(h) = -4*f(h) - 3*w(h). List the prime factors of c(-26).
563
Suppose -9 = -5*z - 3*l + 2, -3*z = l - 9. Suppose 0 = q + g + 17 - 161, z*q + 2*g = 584. List the prime factors of q.
2, 37
Suppose -50*w + 46*w + 20160 = 2*h, 5*h = -w + 5058. What are the prime factors of w?
2, 11, 229
Let y be 12/(-10)*80/(-24). Let j = 151 - 90. Suppose j = y*n - 31. List the prime factors of n.
23
Let i(c) = 0*c**2 + 6*c**2 - 4*c**2 - 2*c - 16 - 4. Let q be i(11). Suppose 5*a + q = 4*f + 2*a, -5*a - 33 = -f. List the prime factors of f.
53
List the prime factors of -3*(14 - (675 - 2)).
3, 659
Suppose -35*w + 171028 = -13*w.